16*q + 128248. Give p(583).
-12
Let r(l) = 23419*l - 93786. What is r(4)?
-110
Let n(w) = w**3 + 48*w**2 + 122*w - 2414. What is n(-44)?
-38
Let r(w) = 318864*w - 5101801. What is r(16)?
23
Let y(p) = 2824*p - 2677. Calculate y(2).
2971
Let j(p) = -5247*p - 1453295. Calculate j(-277).
124
Let i(l) = l**3 - 10*l**2 + 6*l - 343. Give i(12).
17
Let y(g) = g**3 - 37*g**2 - 151*g - 624. Determine y(41).
-91
Let v(p) = -113419*p + 680526. What is v(6)?
12
Let x(i) = 32*i**2 - 1330*i - 4959. Calculate x(45).
-9
Let l(u) = -7*u**2 + 482*u - 2009. What is l(4)?
-193
Let w(v) = v**3 + 218*v**2 - 546*v - 71620. What is w(-219)?
-7
Let w(g) = 3*g**2 + 6533*g - 158553. Determine w(24).
-33
Let v(x) = -6146*x - 1818969. Give v(-296).
247
Let u(c) = -2*c**3 - 48*c**2 - 663*c - 15900. Determine u(-24).
12
Let a(i) = 20*i**2 + 329*i + 803. Determine a(-3).
-4
Let o(b) = -4*b**3 - 9*b + 153. Calculate o(-7).
1588
Let f(u) = 52*u**2 + 151*u - 868. What is f(6)?
1910
Let k(m) = 60912*m - 121809. Determine k(2).
15
Let w(b) = b**2 - 137845*b + 1516171. Calculate w(11).
-3
Let n(g) = -1436*g - 610302. What is n(-425)?
-2
Let b(v) = -939*v + 21083. Calculate b(23).
-514
Let q(o) = 35157*o - 48692453. Determine q(1385).
-8
Let k(v) = 316*v - 26858. Calculate k(80).
-1578
Let q(y) = -52*y**2 + 2802*y - 8430. Give q(3).
-492
Let r(w) = -303*w - 58484. Determine r(-193).
-5
Let i(k) = 2*k**2 - 116*k + 1319. What is i(12)?
215
Let i(m) = 1158*m + 3323. What is i(-3)?
-151
Let t(p) = 1539524*p + 72357630. Determine t(-47).
2
Let d(t) = -t**3 - 78*t**2 - 232*t - 599. Give d(-75).
-74
Let m(w) = 27*w**2 - 9*w - 165. Determine m(6).
753
Let v(u) = -u**3 - 277*u**2 + 4056*u + 193. Calculate v(14).
-59
Let l(t) = -15*t**2 - 88*t + 3558. What is l(13)?
-121
Let z(i) = -3*i**2 - 9327*i + 28009. Determine z(3).
1
Let h(a) = -434*a + 60331. Determine h(154).
-6505
Let j(p) = -3156*p - 3357990. Determine j(-1064).
-6
Let o(x) = -80871*x - 336. Calculate o(0).
-336
Let k(u) = 3*u**2 - 69*u - 328. Calculate k(24).
-256
Let t(u) = u**3 + 760*u**2 + 1310*u + 418215. Give t(-759).
6
Let n(b) = -658*b - 3818. What is n(-5)?
-528
Let u(t) = 1263*t + 64542. Determine u(-51).
129
Let s(j) = 1516*j**2 - 21231*j + 19. Calculate s(14).
-79
Let o(k) = -9*k + 34. Determine o(44).
-362
Let i(g) = 10131*g + 26149. Determine i(-3).
-4244
Let o(x) = x**2 - 160*x + 1702. What is o(11)?
63
Let l(y) = y**3 - 8*y**2 - 624*y + 3101. Determine l(5).
-94
Let r(l) = l**2 - 339*l - 3501. Give r(-10).
-11
Let o(g) = -1211*g - 135612. Determine o(-112).
20
Let y(d) = d**3 - 46*d**2 + 45*d - 771. Calculate y(46).
1299
Let n(o) = o**3 - 119*o**2 + 613*o - 4919. Determine n(114).
-17
Let c(l) = -l**3 - 162*l**2 - 6126*l - 621. Give c(-102).
-9
Let x(c) = 16304*c - 111. Calculate x(0).
-111
Let u(y) = -y**3 - 70*y**2 - 602*y - 24. Determine u(-10).
-4
Let u(t) = -153*t + 8422. Determine u(58).
-452
Let f(g) = 15*g**2 - 295*g + 1683. What is f(9)?
243
Let w(y) = 12*y**3 + 206*y**2 + 600*y - 49. Give w(-3).
-319
Let m(r) = -48*r**2 - 1295*r + 1675. Calculate m(-28).
303
Let s(v) = -v**3 + 59*v**2 - 104*v + 6143. What is s(59)?
7
Let q(v) = -5*v**2 + 88*v + 9751. Calculate q(54).
-77
Let x(l) = -35*l**2 - 4839*l - 24473. Determine x(-133).
-1
Let l(y) = -y**3 - 193*y**2 - 259*y - 12876. Give l(-192).
-12
Let h(k) = -17055*k**2 + 204655*k + 66. Determine h(12).
6
Let w(s) = 3*s**2 + 263*s + 68. Give w(-93).
1556
Let o(l) = 1718*l + 94490. Calculate o(-55).
0
Let p(m) = 3294*m - 48943. Calculate p(15).
467
Let l(n) = -5667*n + 311676. Give l(55).
-9
Let p(o) = -o**3 - 411*o**2 - 3243*o - 7664. Determine p(-403).
-7
Let n(w) = 4*w**2 + 105*w + 847. Calculate n(-9).
226
Let h(v) = -v**3 - 10*v**2 - 473*v + 1960. Determine h(4).
-156
Let p(c) = 286770*c + 860312. Determine p(-3).
2
Let t(o) = o**3 - 43*o**2 + 31*o - 3271. Calculate t(44).
29
Let i(x) = 10*x**3 - 248*x**2 + 1408*x + 7. Calculate i(16).
7
Let u(o) = o**2 + 27556*o + 82664. What is u(-3)?
5
Let a(g) = -2829998*g + 8489995. What is a(3)?
1
Let q(y) = -887*y**2 + 5*y - 11. Determine q(1).
-893
Let r(n) = -121899*n - 8898645. Determine r(-73).
-18
Let a(k) = k**3 - 7*k**2 - 114*k + 559. What is a(5)?
-61
Let o(t) = -8*t**2 - 2858*t - 231385. Determine o(-124).
-1
Let m(b) = 7131*b + 42889. Give m(-6).
103
Let k(n) = -3*n**3 + 3953*n**2 + 7904*n - 20. Give k(-2).
8
Let z(y) = -192*y**2 - 4820*y - 527. Calculate z(-25).
-27
Let d(p) = 2*p**3 + 4*p**2 + 62*p + 425. Calculate d(-6).
-235
Let v(z) = 2*z**3 - 92*z**2 - 27*z + 1110. Give v(46).
-132
Let a(h) = 4*h**2 - 565*h + 18222. What is a(49)?
141
Let c(a) = -251899*a - 755676. What is c(-3)?
21
Let w(c) = 35870*c + 1901098. Give w(-53).
-12
Let r(g) = 61301*g + 858541. Determine r(-14).
327
Let a(m) = -m**2 - 9743*m + 944538. Calculate a(96).
-6
Let c(i) = 476463*i - 6670476. Calculate c(14).
6
Let j(f) = f**3 - 147*f**2 + 313*f - 4703. What is j(145)?
-1368
Let g(a) = -12*a**3 + 13*a**2 + 14*a - 16. Give g(3).
-181
Let j(c) = -48*c - 3153. Calculate j(-65).
-33
Let a(f) = 7344*f - 154298. Give a(21).
-74
Let g(p) = -31686*p + 95011. What is g(3)?
-47
Let d(x) = -10*x**2 - 30*x - 346. Determine d(-7).
-626
Let r(i) = -2*i**3 + 428*i**2 - 30*i + 6450. Determine r(214).
30
Let f(h) = -54*h**2 - 1154*h - 2434. Calculate f(-19).
-2
Let c(t) = -15*t**2 + 1004*t - 1884. Give c(65).
1
Let b(r) = 11*r**3 + 4349*r**2 + 17210*r - 23. Give b(-4).
17
Let j(n) = 2*n**2 + 430*n + 19554. Calculate j(-143).
-1038
Let n(s) = 3695*s - 122255. What is n(33)?
-320
Let j(y) = -8602*y**2 - 43090*y - 435. Give j(-5).
-35
Let s(f) = -133938*f - 133907. Determine s(-1).
31
Let i(h) = -78*h**3 + 932*h**2 + 51*h + 33. What is i(12)?
69
Let a(j) = -1016*j - 80103. What is a(-80)?
1177
Let z(w) = 1011*w - 9197. Calculate z(9).
-98
Let s(n) = -n**2 + 378424*n + 2649031. Calculate s(-7).
14
Let g(z) = -13802*z - 234573. Calculate g(-17).
61
Let v(f) = 11*f**2 + 792*f - 17781. What is v(-90)?
39
Let g(c) = -6*c**3 - 539*c**2 + 71*c - 1686. Determine g(-90).
24
Let k(t) = -3*t**3 - 33*t**2 - 273*t - 1952. Calculate k(-9).
19
Let n(t) = -2*t**2 + 939*t + 35313. Calculate n(-35).
-2
Let k(r) = 225*r + 60975. Calculate k(-271).
0
Let w(c) = 21*c**3 - 1913*c**2 + 218*c - 3268. What is w(91)?
8
Let u(c) = c**3 + 2*c**2 - 389*c - 3080. Give u(-11).
110
Let l(n) = n**3 + 246*n**2 - 17979*n + 4885. Calculate l(-305).
5
Let g(k) = -k**3 + 348*k**2 - 19854*k + 324. What is g(276)?
5292
Let a(x) = -33706*x - 268856. Determine a(-8).
792
Let s(o) = 1438*o**2 + 35909*o - 1025. Give s(-25).
0
Let y(f) = f**3 + 50*f**2 - 748*f + 79. Give y(12).
31
Let k(b) = 4*b**3 - 134*b**2 - 699*b + 17107. What is k(35)?
-8
Let a(w) = 11*w**3 - 34*w**2 - 7*w + 153. Calculate a(2).
91
Let o(h) = -h**3 - 530*h**2 - 4548*h + 73462. Calculate o(-521).
1
Let s(f) = -995*f**2 - 2732*f. Give s(-3).
-759
Let f(t) = -78*t + 4864. Calculate f(61).
106
Let u(h) = h**3 - 18*h**2 + 199*h - 5039. Give u(21).
463
Let g(w) = -36342*w + 290633. Calculate g(8).
-103
Let p(m) = -m**3 - 10*m**2 - 9*m - 78. Calculate p(-7).
-162
Let x(s) = -s**2 - 439*s + 218558. Give x(297).
-34
Let j(b) = -b**3 - 110*b**2 - 2887*b + 2480. Calculate j(-65).
10
Let c(k) = -30609*k + 183656. Calculate c(6).
2
Let l(x) = 6381*x**3 + 10*x**2 - 27*x - 35. Calculate l(-1).
-6379
Let z(s) = -28910*s - 722745. Calculate z(-25).
5
Let v(s) = -644885*s - 1934661. Give v(-3).
-6
Let x(d) = -d**3 + 95*d**2 - 1262*d - 132. Calculate x(79).
26
Let a(x) = -x**2 + 7555*x - 760192. Determine a(102).
14
Let p(u) = 2*u**2 + 573*u + 39154. What is p(-115)?
-291
Let x(l) = -l**3 - 2518*l**2 + 68738*l + 58540. Determine x(-2545).
5
Let l(x) = 539992*x + 3239925. Calculate l(-6).
-27
Let p(q) = -22*q**2 + 213*q + 126. Give p(11).
-193
Let w(z) = -9699*z - 8709682. Give w(-898).
20
Let o(s) = -s**2 - 1081*s + 18650. Give o(17).
-16
Let h(t) = 7*t**3 + 6687*t**2 + 1881*t - 27706. Calculate h(-955).
-11
Let v(m) = -22918*m - 321234. What is v(-14)?
-382
Let o(k) = -7*k**2 - 50633*k + 304062. What is o(6)?
12
Let y(z) = -z**2 - 299*z - 28503. What is y(-176)?
-6855
Let u(g) = -24*g**2 - 472*g - 1516. What is u(-4)?
-12
Let t(u) = -274*u - 821. Determine t(-3).
1
Let p(b) = 44*b**2 + 43430*b + 86862. Give p(-2).
178
Let w(d) = -6*d